NOAA-Style Climate Reports


Relatrio para o 2013 Maro
                   Monthly Climatological Summary for Mar 2013

Name: Alto dos Moinhos, Cercal CDV   City: Cercal CDV   State: Portugal
Elevation: 120 m  Lat: N 39° 13' 34"   Lon: W 008° 59' 50"

                  Temperature (°C), Rain (mm), Wind Speed (km/h)

                                      Heat  Cool        Avg
    Mean                              Deg   Deg         Wind                 Dom
Day Temp  High   Time   Low    Time   Days  Days  Rain  Speed High   Time    Dir
----------------------------------------------------------------------------------
 1   8,2  20,1   14:38  -0,7   07:42  10,2   0,1   0,0   4,5  19,4   16:15   NNO
 2   8,6  16,5   13:19   0,9   00:36   9,7   0,0   0,0   5,6  31,7   13:34    SE
 3   9,7  14,0   12:06   6,6   04:36   8,6   0,0   0,5   6,9  36,7   12:19    SE
 4   9,6  11,3   19:09   7,9   06:51   8,7   0,0  22,7   9,6  36,0   14:57   ESE
 5  12,0  17,3   15:33  10,4   06:09   6,3   0,0   5,3   6,3  36,0   15:53     S
 6  13,4  19,4   14:20  11,0   02:49   4,9   0,0   3,5   6,6  27,4   13:56    SO
 7  14,2  18,5   15:06  11,1   20:34   4,1   0,0   6,5   9,2  52,6   07:38    SO
 8  12,1  17,8   14:51   9,0   23:33   6,2   0,0  15,3   6,5  23,6   23:31   SSO
 9  12,0  18,8   13:26   8,2   00:50   6,3   0,0   6,8   8,1  33,8   15:37   SSO
10  10,5  15,6   14:01   8,1   05:05   7,8   0,0  13,0   6,3  31,0   16:35   ONO
11   9,0  14,0   13:47   8,0   19:41   9,3   0,0  14,3   6,3  31,7   16:52   NNO
12   9,4  16,3   14:04   5,4   23:10   8,9   0,0   2,3   8,2  33,1   13:51   NNO
13   6,6  12,0   14:21   1,7   07:23  11,7   0,0   1,5  14,0  42,5   14:23   NNO
14   8,1  15,3   13:11   2,5   06:53  10,2   0,0   0,0  11,0  33,1   09:34   NNO
15   9,0  17,7   13:50   1,2   05:37   9,3   0,0   0,0   4,2  28,1   13:03     S
16   9,8  15,5   12:53   6,3   01:34   8,5   0,0   2,0   5,4  28,1   13:25   SSE
17  11,9  14,2   14:51   6,3   23:55   4,3   0,0  11,5  11,4  37,4   16:29   NNO
18   8,7  17,2   13:52   2,4   23:47   9,5   0,0   0,0   5,4  24,5   10:14    NO
19   6,6  11,9   16:50   2,3   00:08  11,7   0,0   7,8   7,4  32,4   17:11   NNO
20  11,0  19,5   15:25   4,6   07:09   7,3   0,0   0,3   4,9  21,6   22:33     O
21  11,2  16,9   15:29   7,2   02:03   7,1   0,0  14,0  14,1  54,0   15:24     S
22  12,3  19,0   13:23   8,6   23:38   6,0   0,0   3,8   5,9  25,9   15:32   OSO
23   9,6  17,7   15:32   5,5   07:10   8,7   0,0   7,3   7,4  24,5   12:30     S
24  10,8  16,9   16:05   6,4   06:00   7,5   0,0   9,8   8,0  34,6   11:56   NNO
25  12,7  17,0   13:41   9,5   00:52   5,6   0,0   4,0   7,5  35,3   13:14   OSO
26  13,2  17,0   15:37  11,7   23:46   5,1   0,0   9,5   7,0  32,4   12:13    SO
27  12,3  16,0   11:02   9,7   22:21   5,9   0,0   6,8   5,2  25,2   04:54   ONO
28  12,3  16,7   13:48  10,3   06:16   6,0   0,0   1,3   7,1  33,8   21:55     O
29  15,1  17,4   11:08  11,7   00:00   3,2   0,0  15,0   9,4  41,8   05:07   OSO
30  15,0  19,4   13:21  12,6   05:49   3,4   0,1   1,8   5,6  21,6   10:25    NO
31  14,9  16,9   13:18  12,7   00:04   3,2   0,0  39,0   8,8  44,6   13:44   ONO
----------------------------------------------------------------------------------
    11,0  20,1     1    -0,7     1   225,2   0,2 225,6   7,5 101,0    23       O

Max >=  27,0:  0
Max <=   0,0:  0
Min <=   0,0:  1
Min <= -18,0:  0
Max Rain: 39,0 on day 31
Days of Rain: 26 (>= 0,2 mm)  21 (>= 2,0 mm)  2 (>= 20,0 mm)
Heat Base: 18,3  Cool Base: 18,3  Method: Integration