NOAA-Style Climate Reports


Relatrio para o 2023 Novembro
                   Monthly Climatological Summary for nov 2023

Name: Alto dos Moinhos, Cercal CDV   City: Cercal CDV   State: Portugal
Elevation: 124 m  Lat: N 39° 13' 34"   Lon: W 008° 59' 50"

                  Temperature (°C), Rain (mm), Wind Speed (km/h)

                                      Heat  Cool        Avg
    Mean                              Deg   Deg         Wind                 Dom
Day Temp  High   Time   Low    Time   Days  Days  Rain  Speed High   Time    Dir
----------------------------------------------------------------------------------
 1  18,7  22,1   11:34  15,5   00:00   0,5   0,9   5,0   7,3  34,6   14:58     O
 2  16,2  19,7   10:34  12,7   18:58   2,3   0,2   9,6  16,6  74,3   13:48    NO
 3  15,6  18,8   13:38  12,9   02:14   2,7   0,0   0,0  13,8  46,1   07:02    NO
 4  17,1  18,9   10:43  14,5   21:57   1,2   0,0   4,8  13,5  53,4   11:07    NO
 5  14,9  19,0   13:53  12,1   07:08   3,4   0,0   2,0   8,9  39,6   13:09   NNO
 6  12,7  17,2   12:58   8,2   23:51   5,6   0,0   0,6   8,8  45,4   13:30   NNO
 7  12,6  18,5   12:58   7,6   03:20   5,7   0,0   0,2   5,1  33,2   11:41   NNO
 8  14,2  18,0   23:46  10,3   00:00   4,1   0,0   1,4   7,1  30,3   23:03     S
 9  15,6  19,4   12:45  12,5   23:58   2,7   0,0   0,4   8,3  38,2   01:09   NNO
10  15,9  20,3   10:55  10,3   05:00   2,7   0,3   0,0   3,7  20,9   15:09    NO
11  18,9  21,3   13:34  17,8   03:02   0,1   0,6   0,4   5,9  39,6   12:59    NO
12  19,2  23,2   13:58  15,8   23:53   0,2   1,2   0,2   6,3  25,9   02:28   ONO
13  17,7  22,0   14:38  15,0   22:14   1,1   0,6   0,0   7,0  22,4   08:23     S
14  16,2  21,7   15:10  11,6   06:35   2,5   0,5   0,0   3,9  18,7   12:40   NNO
15  17,4  22,8   14:50  13,2   06:55   1,7   0,8   0,0   6,1  20,9   18:25    NO
16  18,4  20,4   15:51  16,1   07:59   0,6   0,7   0,0   7,9  18,7   18:26   NNO
17  17,6  22,8   15:19  15,5   07:39   1,2   0,5   0,0   6,9  25,9   19:12   NNO
18  15,1  17,2   15:39  13,3   23:18   3,2   0,0   0,2   4,4  18,0   08:10   SSE
19  16,0  22,2   14:58  12,4   07:19   2,8   0,5   0,0   6,4  20,2   20:40   ONO
20  16,0  19,8   12:36  13,1   01:28   2,4   0,1   0,2  12,7  43,3   23:07   NNO
21  13,8  17,4   13:49  10,7   23:07   4,5   0,0   0,0  16,2  40,4   02:55   NNO
22  13,1  20,5   14:11   7,5   08:05   5,5   0,3   0,0   3,6  20,2   12:31   NNO
23  11,9  18,7   14:26   7,0   23:57   6,4   0,0   0,0   3,8  18,7   12:31    SE
24  11,1  19,0   11:45   4,3   06:56   7,2   0,0   0,0   5,5  26,7   15:39   NNO
25  13,2  17,7   12:42   7,3   07:42   5,1   0,0   0,0   9,3  24,5   11:18    NO
26  12,0  14,4   10:57   8,4   08:23   6,3   0,0   0,0   5,1  18,7   02:25    NO
27  13,9  16,5   16:28   9,8   07:36   4,4   0,0   0,0   3,7  18,7   14:06   NNO
28  16,1  19,1   13:34  13,6   01:16   2,3   0,1   7,6   6,2  24,5   18:03   SSE
----------------------------------------------------------------------------------
    15,4  23,2    12     4,3    24    88,4   7,3  32,6   7,6  74,3     2      NO

Max >=  25,0:  0
Max <=  18,0:  7
Min <=  10,0:  8
Min <=   5,0:  1
Max Rain: 9,6 on day 2
Days of Rain: 9 (>= 0,3 mm)  5 (>= 2,0 mm)  0 (>= 15,0 mm)
Heat Base: 18,3  Cool Base: 18,3  Method: Integration