NOAA-Style Climate Reports


Relatrio para o 2023 Abril
                   Monthly Climatological Summary for abr 2023

Name: Alto dos Moinhos, Cercal CDV   City: Cercal CDV   State: Portugal
Elevation: 124 m  Lat: N 39° 13' 34"   Lon: W 008° 59' 50"

                  Temperature (°C), Rain (mm), Wind Speed (km/h)

                                      Heat  Cool        Avg
    Mean                              Deg   Deg         Wind                 Dom
Day Temp  High   Time   Low    Time   Days  Days  Rain  Speed High   Time    Dir
----------------------------------------------------------------------------------
 1  14,7  17,9   11:36  10,9   02:22   3,6   0,0   0,2   9,8  41,8   21:22   NNO
 2  15,9  23,3   15:28   9,7   07:22   3,3   0,9   0,0  11,0  31,7   18:02   NNO
 3  15,0  22,8   13:12   9,6   07:31   3,7   0,5   0,0  10,7  46,1   22:59   NNO
 4  17,3  27,0   15:10  12,5   07:02   2,8   1,7   0,0  13,3  41,1   00:54   NNO
 5  18,1  27,2   14:43  11,6   03:35   2,3   2,1   0,0   9,1  31,7   17:18    NO
 6  19,0  29,3   15:34  11,3   07:25   2,0   2,7   0,0  11,3  28,9   09:37    NO
 7  17,7  26,6   15:22   9,5   06:07   2,6   1,9   0,0   8,3  29,6   15:53    NO
 8  17,7  27,0   15:03   9,6   07:30   2,3   1,7   0,0   9,5  29,6   16:45   NNO
 9  17,5  24,0   13:38  12,9   07:18   2,1   1,3   0,0  14,5  36,1   16:48   NNO
10  15,7  21,1   14:38  12,3   05:17   3,0   0,4   0,0  17,9  41,8   12:56   NNO
11  16,3  20,7   13:53  13,6   00:00   2,2   0,2   0,0  15,6  37,5   14:09   NNO
12  14,5  19,1   11:46  11,0   23:05   3,8   0,0   0,0  13,4  40,4   13:03   NNO
13  13,0  18,0   15:25   6,4   07:08   5,3   0,0   0,0  13,3  45,4   13:21   NNO
14  14,6  18,8   17:06  10,8   03:17   3,7   0,0   0,0  13,3  33,2   17:40   NNO
15  17,2  23,0   13:17  14,2   23:37   2,0   0,9   0,0  15,9  41,1   18:26   NNO
16  19,7  29,9   16:06  10,7   07:17   2,0   3,5   0,0  10,5  33,9   16:53    NO
17  22,6  36,3   17:21  13,6   03:19   1,1   5,5   0,0   6,4  30,3   14:51   NNO
18  20,8  35,1   14:46  12,1   07:03   1,4   4,0   0,0   7,6  38,2   16:41   NNO
19  17,9  24,8   14:09  11,8   06:58   1,9   1,5   0,0  14,9  37,5   14:43    NO
20  16,8  23,2   14:39  12,8   07:14   2,5   1,0   0,0  11,8  33,2   17:56   NNO
21  13,0  16,7   13:25   8,4   05:31   5,3   0,0  13,0   6,2  36,1   16:09     S
22  15,0  21,4   16:44   8,4   06:17   3,9   0,6   0,2   7,0  28,9   18:52   NNO
23  16,3  22,6   16:10   9,9   07:28   3,0   0,9   0,0   8,7  32,4   17:56   NNO
26  19,5  28,3   14:44  13,4   06:49   1,6   2,8   0,0  12,5  28,9   06:42    NO
27  21,9  35,5   15:06  15,1   06:57   0,7   4,4   0,0  10,2  37,5   17:47    NO
28  19,9  27,0   14:36  15,5   06:54   0,7   2,2   0,0  16,0  33,9   09:59   NNO
29  17,8  21,8   14:24  15,7   03:53   1,1   0,6   0,0  16,3  41,1   13:59   NNO
30  18,3  22,8   13:56  15,5   06:11   1,3   1,3   0,0  20,4  49,7   08:33   NNO
----------------------------------------------------------------------------------
    17,3  36,3    17     6,4    13    71,2  42,6  13,4  12,0  49,7    30     NNO

Max >=  25,0: 11
Max <=  18,0:  3
Min <=  10,0:  8
Min <=   5,0:  0
Max Rain: 13,0 on day 21
Days of Rain: 1 (>= 0,3 mm)  1 (>= 2,0 mm)  0 (>= 15,0 mm)
Heat Base: 18,3  Cool Base: 18,3  Method: Integration