NOAA-Style Climate Reports


Relatrio para o 2023 Fevereiro
                   Monthly Climatological Summary for fev 2023

Name: Alto dos Moinhos, Cercal CDV   City: Cercal CDV   State: Portugal
Elevation: 124 m  Lat: N 39° 13' 34"   Lon: W 008° 59' 50"

                  Temperature (°C), Rain (mm), Wind Speed (km/h)

                                      Heat  Cool        Avg
    Mean                              Deg   Deg         Wind                 Dom
Day Temp  High   Time   Low    Time   Days  Days  Rain  Speed High   Time    Dir
----------------------------------------------------------------------------------
 1   9,6  17,2   15:31   2,5   07:44   8,6   0,0   0,0   4,9  20,2   00:00    NO
 2   8,8  17,0   15:38   2,2   04:45   9,5   0,0   0,0   3,6  22,4   14:39   SSE
 3  11,4  20,0   14:52   3,8   03:50   7,0   0,1   0,0   5,2  21,6   19:23   ONO
 4  12,6  20,8   13:18   4,0   07:44   6,0   0,3   0,0   8,4  32,4   20:26    NO
 5  13,4  22,0   16:07   4,6   07:55   5,2   0,4   0,0   7,0  25,9   01:03     O
 6  11,2  18,5   13:43   3,0   08:21   7,1   0,0   0,0   8,2  39,6   14:29    NO
 7   9,9  16,4   15:40   4,6   23:38   8,4   0,0   0,0   4,8  25,9   12:09    SE
 8   9,1  12,9   15:41   4,4   00:17   9,2   0,0   1,0   4,8  26,7   15:24   SSE
 9  12,2  19,7   15:30   7,4   07:48   6,1   0,1   0,0   5,4  28,1   10:30   SSE
10  10,7  16,0   13:17   6,8   07:48   7,6   0,0   0,0   5,7  31,7   14:40   SSE
11   9,7  15,6   14:50   5,1   07:57   8,6   0,0   0,0   7,1  33,9   12:24   SSE
12  11,3  14,7   14:36   7,7   07:34   7,0   0,0   0,0   7,3  25,2   14:09   SSE
13  12,7  19,0   14:32   8,4   07:39   5,6   0,0   0,0   6,3  31,7   15:47   SSE
14  12,7  17,2   14:05   6,7   06:48   5,6   0,0   0,0   7,1  41,8   12:09   SSE
15  14,1  20,3   14:48   9,3   23:49   4,5   0,3   0,0   4,0  23,8   13:14    SE
16  13,9  21,9   15:01   7,9   07:27   4,9   0,5   0,0   3,2  22,4   15:43   ESE
17  14,5  21,2   14:44   9,3   07:15   4,0   0,3   0,0   4,7  23,8   14:46    SE
18  14,6  20,2   15:17  11,8   08:13   3,8   0,1   0,0   3,9  18,7   11:34   SSE
19  15,0  19,9   15:54  11,5   23:57   3,4   0,1   0,0   3,2  14,4   12:12   SSE
20  13,4  18,2   12:27  10,1   22:02   4,9   0,0   0,2   3,3  20,2   12:46   SSE
21  13,2  17,8   12:52   9,0   23:06   5,1   0,0   0,0   8,3  28,9   14:11   NNO
22  12,0  16,6   14:23   8,1   03:36   6,3   0,0   0,0  10,4  35,3   14:27   NNO
23   9,7  13,7   13:44   5,0   23:12   8,6   0,0   0,0  16,5  53,4   12:22   NNO
24   7,5  14,1   09:46   2,6   07:46  10,8   0,0   1,2   5,3  31,7   12:28    NO
25   7,7  12,8   15:18   1,9   06:21  10,6   0,0   0,6   3,5  24,5   14:42    NO
26  10,6  17,0   13:43   7,1   03:47   7,7   0,0   0,2   7,1  29,6   16:49   NNO
27   9,9  14,9   13:51   6,3   07:21   8,4   0,0   0,0   7,9  28,1   13:51    NO
28   8,7  15,2   14:14   3,8   04:33   9,6   0,0   0,0   8,2  32,4   15:16    NO
----------------------------------------------------------------------------------
    11,4  22,0     5     1,9    25   194,1   2,2   3,2   6,3  53,4    23     ONO

Max >=  25,0:  0
Max <=  18,0: 16
Min <=  10,0: 25
Min <=   5,0: 12
Max Rain: 1,2 on day 24
Days of Rain: 3 (>= 0,3 mm)  0 (>= 2,0 mm)  0 (>= 15,0 mm)
Heat Base: 18,3  Cool Base: 18,3  Method: Integration