NOAA-Style Climate Reports


Relatrio para o 2022 Novembro
                   Monthly Climatological Summary for nov 2022

Name: Alto dos Moinhos, Cercal CDV   City: Cercal CDV   State: Portugal
Elevation: 124 m  Lat: N 39° 13' 34"   Lon: W 008° 59' 50"

                  Temperature (°C), Rain (mm), Wind Speed (km/h)

                                      Heat  Cool        Avg
    Mean                              Deg   Deg         Wind                 Dom
Day Temp  High   Time   Low    Time   Days  Days  Rain  Speed High   Time    Dir
----------------------------------------------------------------------------------
 1  14,8  18,6   09:50  10,4   07:20   3,5   0,0   0,0   9,2  31,7   14:49   NNO
 2  15,4  20,7   13:32  12,2   04:32   3,1   0,3   0,0   7,4  24,5   04:43    NO
 3  16,3  19,7   14:39  13,5   05:09   2,3   0,3   3,0   8,9  28,1   14:40    SO
 4  14,6  19,2   13:53  10,9   23:35   3,8   0,1   0,0  11,8  30,3   12:10    NO
 5  14,2  22,1   15:10   7,2   07:38   4,6   0,5   0,0   4,5  18,0   18:29    NO
 6  14,1  20,0   15:56   9,2   06:17   4,3   0,1   0,4   3,9  19,5   16:15   NNO
 7  15,3  19,3   15:18  10,6   03:47   3,1   0,1   1,8   7,3  28,1   19:03   SSE
 8  16,9  19,9   12:00  14,4   19:31   1,6   0,2   1,4   7,3  38,2   12:41     S
 9  15,8  20,8   13:31  11,6   07:29   2,7   0,2   0,0   3,5  20,2   13:53   NNO
10  15,5  22,7   15:18   9,8   07:19   3,6   0,7   0,2   2,7  15,1   13:19    SE
11  16,1  22,4   15:33  12,1   06:36   2,8   0,6   0,0   5,2  23,1   11:00   SSE
12  15,7  23,1   14:47  11,1   02:56   3,3   0,7   0,0   3,6  17,3   11:00   SSE
13  14,5  18,5   16:26   9,9   04:13   3,8   0,0   1,2   5,1  20,2   10:49   SSE
14  16,3  19,2   13:11  14,1   03:47   2,0   0,1   0,4   6,7  25,2   01:46   SSO
15  16,5  19,0   10:47  14,9   22:08   1,9   0,0   7,6   9,2  39,6   13:54    SO
16  16,7  17,9   13:42  14,2   02:43   1,6   0,0   0,8   8,6  36,8   16:32   ONO
17  16,7  19,4   13:58  12,6   22:31   1,7   0,1  13,4  10,7  38,9   04:01    NO
18  13,4  16,8   11:52  11,4   22:59   4,9   0,0   1,0  12,9  47,6   12:09   NNO
19  13,4  16,1   09:46  11,2   00:46   4,9   0,0   2,0   9,7  39,6   12:29   NNO
20  15,7  17,8   12:19  13,6   00:29   2,6   0,0   0,0   7,4  24,5   11:20   ONO
21  15,9  18,0   14:06  12,8   23:43   2,4   0,0   3,2  14,3  46,9   14:58    NO
22  15,5  18,4   14:39  12,2   07:18   2,8   0,0   3,0   8,4  39,6   14:07   ONO
23  16,6  19,0   15:00  12,1   22:12   1,8   0,0   2,2   7,3  36,8   05:35    NO
24  16,5  18,7   12:18  14,4   00:00   1,8   0,0   3,0   9,8  35,3   11:33     O
25  13,6  19,7   13:47   8,3   23:42   4,8   0,1   0,2   4,0  20,2   10:35   NNO
26  11,7  18,1   15:40   7,0   03:11   6,6   0,0   0,0   4,4  21,6   10:59   SSE
27  12,4  16,6   12:28   7,5   04:06   5,9   0,0   3,8   6,3  31,0   20:00   NNO
28  12,5  17,7   13:29   8,9   07:41   5,8   0,0   0,0   7,9  28,9   13:03   NNO
29  11,2  16,9   09:54   6,7   07:37   7,1   0,0   0,0   5,3  25,2   14:13   NNO
30   9,3  11,6   16:55   7,2   05:48   9,0   0,0   6,0   4,6  28,1   13:23   SSE
----------------------------------------------------------------------------------
    14,8  23,1    12     6,7    29   110,1   4,1  54,6   7,3  47,6    18     ONO

Max >=  25,0:  0
Max <=  18,0:  9
Min <=  10,0: 10
Min <=   5,0:  0
Max Rain: 13,4 on day 17
Days of Rain: 17 (>= 0,3 mm)  10 (>= 2,0 mm)  0 (>= 15,0 mm)
Heat Base: 18,3  Cool Base: 18,3  Method: Integration