NOAA-Style Climate Reports


Relatrio para o 2022 Maro
                   Monthly Climatological Summary for mar 2022

Name: Alto dos Moinhos, Cercal CDV   City: Cercal CDV   State: Portugal
Elevation: 124 m  Lat: N 39° 13' 34"   Lon: W 008° 59' 50"

                  Temperature (°C), Rain (mm), Wind Speed (km/h)

                                      Heat  Cool        Avg
    Mean                              Deg   Deg         Wind                 Dom
Day Temp  High   Time   Low    Time   Days  Days  Rain  Speed High   Time    Dir
----------------------------------------------------------------------------------
 1  13,7  21,4   13:38   8,3   03:50   4,8   0,2   0,2   5,1  31,0   15:13    NO
 2  12,8  18,2   14:31   6,6   07:18   5,5   0,0   0,0   8,6  31,0   16:31   NNO
 3  12,6  15,6   12:53   9,7   22:32   5,7   0,0   3,6  20,0  62,0   12:50   NNO
 4  11,0  14,9   14:19   8,4   07:14   7,3   0,0   0,0  20,2  51,2   14:47   NNO
 5  11,2  16,5   08:51   7,8   06:05   7,1   0,0   0,0   8,2  25,9   01:57   NNO
 6  11,1  18,5   13:19   4,0   07:25   7,2   0,0   0,2  11,1  44,7   15:03   NNO
 7  11,1  16,1   13:56   5,8   07:48   7,1   0,0   1,0   7,2  31,7   14:21    NO
 8  12,2  17,9   14:38   7,6   05:47   6,1   0,0   1,0   5,3  29,6   13:55     O
 9  12,7  17,6   14:50   9,7   06:59   5,6   0,0   1,4   9,4  33,9   17:05     S
10  12,8  16,9   14:45   9,2   03:05   5,5   0,0   3,6  12,2  44,7   11:50     S
11  12,9  16,2   10:27   8,4   23:58   5,4   0,0   2,4   8,1  41,1   01:30   NNO
12  11,2  15,6   12:26   6,8   02:07   7,1   0,0  16,2   8,6  35,3   14:37     S
13  12,4  16,6   12:27   7,4   07:21   5,9   0,0   3,2   5,4  22,4   14:39     O
14  11,2  16,6   12:57   8,2   04:49   7,1   0,0   0,0   4,2  28,9   12:08   ESE
15  14,4  20,2   12:49   8,8   05:00   4,2   0,3   0,0   6,0  26,7   09:09   NNO
16  13,7  15,3   00:34  12,9   22:06   4,6   0,0   0,0  16,6  51,2   15:32   NNO
17  14,2  18,2   14:28  11,5   06:50   4,1   0,0   0,0   7,8  31,7   01:48   NNO
18  14,5  21,5   14:51   9,5   05:53   4,2   0,5   0,0   5,2  32,4   11:35   SSE
19  15,2  21,4   14:03   9,2   04:05   3,5   0,4   0,0   4,5  26,7   13:37   SSE
20  12,6  17,1   14:04  10,1   23:55   5,7   0,0   9,6   4,9  37,5   15:55   SSE
21  11,7  16,8   13:25   8,3   23:56   6,6   0,0   3,0   4,6  21,6   11:46    SE
22  11,5  15,7   13:49   7,5   01:02   6,8   0,0   7,2   5,5  28,9   11:59     S
23  12,2  13,7   13:26  11,2   01:27   6,1   0,0  16,2   3,6  20,2   14:05    SE
24  13,5  18,6   14:45  11,4   00:07   4,8   0,0   0,4   4,6  25,9   10:50    SE
25  14,6  17,7   16:09  12,7   23:58   3,7   0,0   0,0   4,3  23,1   11:41   SSE
26  14,7  20,4   15:10  11,1   05:02   3,9   0,3   0,0   4,8  22,4   12:05   SSE
27  15,9  21,8   15:28  10,6   00:40   2,9   0,7   0,0   5,4  29,6   13:13   SSE
28  16,6  22,2   14:32  13,0   07:01   2,2   0,5   1,0   5,9  24,5   10:22   SSE
29  14,6  19,7   14:13  12,9   22:38   3,7   0,0   4,4  11,5  45,4   18:31   NNO
30  13,8  17,0   14:57  11,4   06:48   4,5   0,0   0,2  23,0  64,2   13:17   NNO
31  13,2  16,6   15:24  11,5   06:45   5,1   0,0   0,4  17,3  50,5   15:27   NNO
----------------------------------------------------------------------------------
    13,1  22,2    28     4,0     6   164,0   2,9  75,2   8,7  64,2    30     NNO

Max >=  25,0:  0
Max <=  18,0: 19
Min <=  10,0: 19
Min <=   5,0:  1
Max Rain: 16,2 on day 12
Days of Rain: 16 (>= 0,3 mm)  10 (>= 2,0 mm)  2 (>= 15,0 mm)
Heat Base: 18,3  Cool Base: 18,3  Method: Integration