NOAA-Style Climate Reports


Relatório para o 2019 Novembro
                   Monthly Climatological Summary for nov 2019

Name: Alto dos Moinhos, Cercal CDV   City: Cercal CDV   State: Portugal
Elevation: 124 m  Lat: N 39° 13' 34"   Lon: W 008° 59' 50"

                  Temperature (°C), Rain (mm), Wind Speed (km/h)

                                      Heat  Cool        Avg
    Mean                              Deg   Deg         Wind                 Dom
Day Temp  High   Time   Low    Time   Days  Days  Rain  Speed High   Time    Dir
----------------------------------------------------------------------------------
 1  19,3  22,2   13:25  17,9   06:50   0,0   1,0   1,0   7,4  30,3   21:50    NO
 2  17,8  19,7   10:38  16,3   21:38   0,6   0,2   0,6   9,7  35,3   13:09   NNO
 3  16,4  17,9   11:17  15,5   08:06   1,9   0,0   1,6  11,9  44,0   11:21   NNO
 4  15,8  20,4   10:46  12,2   23:14   2,6   0,1   2,0   8,4  36,1   13:06   NNO
 5  14,1  17,6   13:24  11,9   02:46   4,2   0,0   1,2  15,2  44,0   13:33   NNO
 6  14,6  17,8   14:10  12,5   00:16   3,7   0,0   2,4  10,1  33,9   12:25   NNO
 7  13,6  17,0   12:52  10,3   23:56   4,7   0,0   1,6  16,6  44,7   10:22   NNO
 8  11,1  15,4   12:51   7,9   21:19   7,2   0,0   0,2  10,0  36,8   02:28   NNO
 9  11,8  17,3   11:41   6,3   05:27   6,5   0,0   3,2   8,8  52,6   15:59   NNO
10  15,0  15,1   23:17  12,0   23:17   0,1   0,0   0,0  15,9  36,8   23:45   NNO
11  14,6  16,7   13:09  12,2   21:34   3,7   0,0   0,6  21,4  48,3   14:34   NNO
12  13,5  15,8   13:52  10,9   07:40   4,8   0,0   0,0  14,3  47,6   00:52   NNO
13  14,7  17,0   12:14  12,4   19:23   3,6   0,0   0,8  15,9  46,9   04:25   NNO
14  11,7  14,2   11:03   8,5   20:35   6,6   0,0   5,8  19,5  65,6   12:10   NNO
15   8,8  12,4   13:44   6,6   04:57   9,5   0,0   2,2  14,3  49,0   11:36   NNO
16   9,3  13,8   14:53   4,8   02:40   9,0   0,0   0,2   9,9  32,4   12:38   NNO
----------------------------------------------------------------------------------
    13,9  22,2     1     4,8    16    68,7   1,3  23,4  13,1  65,6    14     NNO

Max >=  25,0:  0
Max <=  18,0: 13
Min <=  10,0:  5
Min <=   5,0:  1
Max Rain: 5,8 on day 14
Days of Rain: 12 (>= 0,3 mm)  5 (>= 2,0 mm)  0 (>= 15,0 mm)
Heat Base: 18,3  Cool Base: 18,3  Method: Integration