NOAA-Style Climate Reports


Relatório para o 2019 Agosto
                   Monthly Climatological Summary for ago 2019

Name: Alto dos Moinhos, Cercal CDV   City: Cercal CDV   State: Portugal
Elevation: 124 m  Lat: N 39° 13' 34"   Lon: W 008° 59' 50"

                  Temperature (°C), Rain (mm), Wind Speed (km/h)

                                      Heat  Cool        Avg
    Mean                              Deg   Deg         Wind                 Dom
Day Temp  High   Time   Low    Time   Days  Days  Rain  Speed High   Time    Dir
----------------------------------------------------------------------------------
 1  19,0  24,2   15:22  16,1   07:07   0,7   1,5   0,0  23,0  47,6   18:30   NNO
 2  18,9  22,7   15:51  17,0   07:10   0,4   1,0   0,0  24,5  50,5   16:05   NNO
 3  20,0  25,3   15:10  16,5   06:10   0,5   2,2   0,0  23,5  52,6   19:15   NNO
 4  19,7  23,8   13:40  17,1   23:49   0,3   1,6   0,0  20,9  46,9   14:03   NNO
 5  20,2  25,8   15:47  16,2   04:26   0,6   2,5   0,0  22,1  45,4   16:17   NNO
 6  20,9  24,4   13:22  18,6   04:47   0,0   2,6   0,0  16,5  36,1   13:44   NNO
 7  22,2  28,9   17:13  19,2   00:06   0,0   3,9   0,8   7,4  25,2   13:46   OSO
 8  22,7  26,4   15:41  20,2   00:54   0,0   4,4   0,2  10,4  32,4   15:17     S
 9  21,3  25,9   16:50  17,9   07:16   0,0   3,0   1,6   8,7  29,6   15:44   NNO
10  19,8  25,1   14:42  16,8   05:45   0,4   1,9   0,2  14,2  44,7   18:05   NNO
11  18,9  23,8   15:19  15,7   07:06   0,8   1,4   0,0  18,2  49,0   15:34   NNO
12  18,5  24,0   14:28  14,9   06:20   1,2   1,4   0,0  21,0  49,7   18:01   NNO
13  18,7  24,6   15:08  15,2   06:36   1,2   1,6   0,0  21,3  50,5   15:49   NNO
14  20,1  26,7   14:06  15,6   03:52   0,9   2,7   0,0  19,9  44,0   19:38   NNO
15  21,3  28,0   15:01  17,2   06:59   0,1   3,1   0,0  19,7  45,4   18:11   NNO
16  20,1  25,3   13:23  17,4   06:45   0,2   2,0   0,0  20,5  44,7   13:57   NNO
17  21,3  27,0   13:06  18,1   00:00   0,0   3,0   0,0  21,2  45,4   17:26   NNO
18  20,4  25,4   12:43  16,5   23:51   0,2   2,3   0,0  14,6  38,9   17:57   NNO
19  17,9  22,7   13:23  15,3   03:30   1,1   0,8   0,0  21,9  55,5   16:44   NNO
20  19,9  26,6   15:48  15,3   07:16   0,9   2,5   0,0  18,2  41,1   18:03   NNO
21  22,1  31,6   16:16  16,6   07:16   0,5   4,3   0,0  13,5  36,1   01:18   NNO
22  26,1  36,4   15:17  17,5   07:37   0,0   7,8   0,0  10,4  36,8   17:22   NNO
----------------------------------------------------------------------------------
    20,5  36,4    22    14,9    12    10,0  57,5   2,8  17,8  55,5    19     NNO

Max >=  25,0: 14
Max <=  18,0:  0
Min <=  10,0:  0
Min <=   5,0:  0
Max Rain: 1,6 on day 9
Days of Rain: 2 (>= 0,3 mm)  0 (>= 2,0 mm)  0 (>= 15,0 mm)
Heat Base: 18,3  Cool Base: 18,3  Method: Integration