NOAA-Style Climate Reports


Relatrio para o 2019 Janeiro
                   Monthly Climatological Summary for jan 2019

Name: Alto dos Moinhos, Cercal CDV   City: Cercal CDV   State: Portugal
Elevation: 124 m  Lat: N 39° 13' 34"   Lon: W 008° 59' 50"

                  Temperature (°C), Rain (mm), Wind Speed (km/h)

                                      Heat  Cool        Avg
    Mean                              Deg   Deg         Wind                 Dom
Day Temp  High   Time   Low    Time   Days  Days  Rain  Speed High   Time    Dir
----------------------------------------------------------------------------------
 1   9,1  20,2   15:03   1,8   08:16   9,2   0,0   0,0   3,3  19,5   22:05    NO
 2  10,4  13,8   14:45   7,9   08:19   7,9   0,0   0,0  13,9  35,3   13:49   NNO
 3   7,3  16,8   15:23   2,0   05:48  10,9   0,0   0,0   3,9  19,5   00:16   SSE
 4   6,9  17,0   14:12   1,4   00:29  11,4   0,0   0,0   2,5  14,4   01:21   SSE
 5   7,2  17,5   14:13   1,9   08:31  11,1   0,0   0,2   2,0  10,8   19:40    SE
 6   7,3  16,4   14:44  -1,1   08:24  10,8   0,0   0,0   4,5  23,1   22:10   NNO
 7   7,6  19,1   15:13  -0,5   07:32  10,7   0,0   0,0   3,3  17,3   10:54     O
 8   8,0  17,3   14:25   0,5   05:58  10,3   0,0   0,0   4,7  20,2   10:12     S
 9  10,4  22,5   13:29   2,1   06:47   7,9   0,1   0,0   5,2  28,1   22:02    NO
10   9,8  17,6   14:33   4,8   03:38   8,5   0,0   0,0   4,6  22,4   14:37    SE
11   7,4  15,2   15:55   2,0   23:53  10,9   0,0   0,0   5,6  21,6   12:43   SSE
12   7,7  16,8   14:22   1,6   00:16  10,6   0,0   0,0   4,8  16,6   11:47   SSE
13   7,9  17,6   14:10   1,0   08:38  10,4   0,0   0,0   4,0  14,4   12:16    NO
14   9,6  15,7   14:32   2,1   06:05   8,7   0,0   0,0   8,6  25,2   12:18   NNO
15   9,7  14,0   15:52   6,3   07:02   8,6   0,0   0,0   4,1  18,0   00:51   NNO
16   8,6  10,6   15:25   6,4   06:23   9,6   0,0   0,8   2,9  15,1   09:17   ESE
17   9,6  13,1   13:12   6,1   01:36   8,7   0,0   0,0  13,4  39,6   13:30   NNO
18   9,1  12,8   11:07   4,4   08:26   9,2   0,0   5,0   6,0  20,9   17:33    NO
19  11,0  13,9   12:28   8,3   04:35   7,3   0,0  10,0   9,9  48,3   22:34   NNO
20  11,7  14,0   14:17  10,2   19:47   6,6   0,0   0,0  21,3  51,2   01:43   NNO
21  10,1  13,5   13:13   7,4   08:14   8,2   0,0   0,0  13,8  45,4   13:24   NNO
22  10,8  13,1   14:53   8,2   00:29   7,5   0,0   1,0  16,6  48,3   11:39   NNO
23  12,0  14,3   13:22  10,2   05:40   6,3   0,0   0,4  25,3  62,7   15:35   NNO
24  12,8  13,7   11:15  11,5   23:58   5,5   0,0   0,0  23,4  52,6   06:55   NNO
25  13,1  20,7   12:43   8,5   23:54   5,4   0,1   0,0   8,4  25,9   00:08   NNO
26  10,7  19,1   11:59   3,6   07:48   7,6   0,0   0,0   6,2  33,2   21:35   NNO
27  11,1  14,0   13:52  10,3   05:49   7,2   0,0   0,0  19,7  50,5   14:13   NNO
28  11,3  13,4   14:46   9,5   03:35   7,0   0,0   0,0  16,2  38,9   03:14   NNO
29  11,5  13,2   12:45  10,6   07:48   6,8   0,0   0,4  14,5  44,0   13:10   NNO
30  11,7  13,3   16:00   9,9   03:51   6,6   0,0   6,2   7,1  34,6   20:51    NO
31  13,2  15,5   13:32  11,3   23:34   5,1   0,0  14,4  10,2  44,7   21:17   ONO
----------------------------------------------------------------------------------
     9,8  22,5     9    -1,1     6   262,5   0,2  38,4   9,4  62,7    23     NNO

Max >=  25,0:  0
Max <=  18,0: 26
Min <=  10,0: 25
Min <=   5,0: 15
Max Rain: 14,4 on day 31
Days of Rain: 8 (>= 0,3 mm)  4 (>= 2,0 mm)  0 (>= 15,0 mm)
Heat Base: 18,3  Cool Base: 18,3  Method: Integration