NOAA-Style Climate Reports


Relatrio para o 2018 Outubro
                   Monthly Climatological Summary for out 2018

Name: Alto dos Moinhos, Cercal CDV   City: Cercal CDV   State: Portugal
Elevation: 124 m  Lat: N 39° 13' 34"   Lon: W 008° 59' 50"

                  Temperature (°C), Rain (mm), Wind Speed (km/h)

                                      Heat  Cool        Avg
    Mean                              Deg   Deg         Wind                 Dom
Day Temp  High   Time   Low    Time   Days  Days  Rain  Speed High   Time    Dir
----------------------------------------------------------------------------------
 1  19,5  26,1   15:00  15,6   08:19   0,9   2,0   0,0  13,5  33,9   16:55   NNO
 2  22,5  33,4   17:24  13,5   01:21   0,6   4,7   0,0   4,6  22,4   13:43    SE
 3  23,8  33,0   16:11  15,6   01:22   0,2   5,4   0,0   7,4  28,1   16:57    NO
 4  23,2  30,9   13:18  13,5   08:01   0,3   5,2   0,0   9,1  31,0   16:01   NNO
 5  21,8  30,8   13:31  13,7   07:26   0,5   4,1   0,0   8,5  27,4   15:43   NNO
 6  18,3  25,2   14:36  12,6   05:51   1,7   1,6   0,0  12,3  37,5   18:15   NNO
 7  15,8  22,3   15:15  11,3   08:03   3,0   0,6   0,0  14,0  35,3   00:34   NNO
 8  18,3  29,2   17:28   8,6   02:42   2,8   2,8   0,0   4,7  23,1   12:34     E
 9  19,3  29,3   17:38  11,5   02:44   2,0   2,9   0,0   5,0  23,1   12:57   ESE
10  16,7  23,0   13:35  10,8   07:45   2,6   1,0   0,0   7,8  31,0   15:13     S
11  18,7  23,3   15:09  14,0   21:52   0,8   1,1   1,6   6,3  28,1   10:18   ONO
12  16,8  25,2   17:25  14,1   03:01   2,3   0,7   0,0   7,6  25,2   16:24   SSE
13  19,9  27,3   15:58  14,3   23:50   1,0   2,6   0,4  13,4  61,3   23:06     S
14  14,7  18,7   15:11  10,6   22:22   3,6   0,0   0,4  17,9  49,7   00:07   NNO
15  15,9  19,0   11:56  10,9   00:00   2,4   0,0   6,6   9,5  56,2   12:08   ONO
16  16,8  21,5   15:05  13,6   08:04   1,9   0,4   0,2   8,1  32,4   16:09   NNO
17  15,2  21,1   14:46  13,1   23:57   3,2   0,1   0,6  12,4  54,1   17:04   NNO
18  16,0  22,0   15:34  12,9   08:15   2,6   0,3   0,2  13,5  34,6   13:16   NNO
19  18,9  24,3   16:34  14,8   06:08   1,1   1,7   0,0   7,2  25,9   00:25   NNO
20  19,5  26,3   16:07  14,7   07:37   1,1   2,2   0,0   4,1  29,6   13:53   ESE
21  17,5  25,0   13:39  14,0   08:00   1,8   1,0   0,0   4,3  30,3   14:52   SSE
22  17,9  26,5   14:04  11,4   07:45   2,2   1,9   0,0   3,8  27,4   16:07   NNO
23  18,4  26,6   15:01  13,4   04:36   1,5   1,6  28,8   4,9  50,5   18:08   SSE
24  18,5  26,6   15:19  13,3   02:34   1,6   1,9   0,0   4,9  24,5   16:43   NNO
25  17,7  25,2   13:42  11,1   07:36   2,1   1,4   0,0   4,8  17,3   01:11   NNO
26  15,9  20,7   14:54  13,1   05:08   2,6   0,2   0,0  11,3  29,6   06:50   NNO
27  13,1  15,4   13:12   8,7   22:31   5,2   0,0   0,4  24,4  63,4   12:56   NNO
28  10,0  13,4   13:18   6,6   07:05   8,6   0,0   0,0  20,3  58,4   13:29   NNO
29  11,0  14,4   14:04   8,2   07:27   7,3   0,0   3,6  12,9  41,8   04:16   NNO
30  10,3  12,7   01:49   8,5   19:11   7,9   0,0   8,4  11,1  51,2   14:34   NNO
31   9,7  10,2   16:19   8,9   04:54   8,6   0,0   7,6   6,8  36,8   11:58   SSE
----------------------------------------------------------------------------------
    17,1  33,4     2     6,6    28    84,0  47,4  58,8   9,6  63,4    27     NNO

Max >=  25,0: 16
Max <=  18,0:  5
Min <=  10,0:  6
Min <=   5,0:  0
Max Rain: 28,8 on day 23
Days of Rain: 10 (>= 0,3 mm)  5 (>= 2,0 mm)  1 (>= 15,0 mm)
Heat Base: 18,3  Cool Base: 18,3  Method: Integration