NOAA-Style Climate Reports


Relatrio para o 2017 Maro
                   Monthly Climatological Summary for mar 2017

Name: Alto dos Moinhos, Cercal CDV   City: Cercal CDV   State: Portugal
Elevation: 124 m  Lat: N 39° 13' 34"   Lon: W 008° 59' 50"

                  Temperature (°C), Rain (mm), Wind Speed (km/h)

                                      Heat  Cool        Avg
    Mean                              Deg   Deg         Wind                 Dom
Day Temp  High   Time   Low    Time   Days  Days  Rain  Speed High   Time    Dir
----------------------------------------------------------------------------------
 1  12,0  14,8   12:34   9,8   00:21   6,3   0,0   0,0   1,4  15,9   17:03    NO
 2  10,9  17,6   14:04   6,0   04:23   7,4   0,0   0,0   1,3  20,9   14:16   SSO
 3   8,7  12,7   01:14   6,5   18:40   9,2   0,0  22,4   8,8 177,0   13:48    NO
 4  10,1  14,9   14:30   6,9   02:50   8,2   0,0  10,0   5,7  36,8   13:39     N
 5  14,4  15,3   11:58  11,0   00:00   3,9   0,0   1,6   8,1  31,0   13:24   NNO
 6  14,0  15,9   14:04  13,0   23:50   4,3   0,0   0,2   6,3  24,5   14:20   NNO
 7  14,8  20,8   13:57  11,6   04:15   3,8   0,3   0,0  10,8  36,8   09:17   NNO
 8  15,1  24,5   16:37   8,7   06:00   4,3   1,1   0,0   4,5  25,9   05:06   NNO
 9  17,0  26,8   16:00   9,0   07:24   3,3   1,9   0,0   3,3  25,2   14:33   SSE
10  16,6  24,4   16:09  10,2   07:15   3,2   1,5   0,0   4,8  27,4   12:58   SSE
11  14,2  17,9   13:40  11,2   02:18   4,1   0,0   0,0  14,7  51,2   14:37   NNO
12  12,9  16,2   11:20  10,9   23:54   5,4   0,0   0,0  21,9  67,8   16:48   NNO
13  12,7  16,4   14:10   9,1   05:48   5,3   0,0   0,0  17,4  62,0   05:34   NNO
14  14,4  18,7   16:05   9,7   01:48   3,9   0,0   0,0   4,7  36,1   15:11     E
15  16,6  23,3   16:22  10,9   23:56   2,6   0,9   0,0   4,9  35,3   11:57    SE
16  14,6  21,3   14:51   8,8   06:13   4,1   0,4   0,0   3,7  36,1   12:05    SE
17  15,0  19,8   16:14   9,6   23:58   3,4   0,1   0,0   3,8  28,1   10:42     E
18  15,1  25,2   14:11   5,2   06:28   4,6   1,3   0,0   4,8  26,7   16:05   NNO
19  13,1  18,3   13:32  10,4   04:02   5,2   0,0   0,0  13,3  41,8   22:32   NNO
20  12,8  16,1   13:12  11,6   04:18   5,5   0,0   0,0  20,6  52,6   09:50   NNO
21  12,4  16,2   14:18  10,0   23:52   5,9   0,0   0,2  12,5  45,4   17:00   NNO
22  10,0  13,0   13:09   6,3   23:57   8,3   0,0   6,2   9,9  62,0   13:54   NNO
23   7,3  11,4   14:29   5,3   06:43  11,0   0,0   8,4   9,9  49,0   11:58   NNO
24   8,0  13,0   11:25   3,7   02:40  10,2   0,0   9,0   4,1  27,4   09:57   NNO
25   9,3  13,8   12:45   5,6   02:28   9,0   0,0   1,0   7,5  41,8   13:43     S
26   9,1  11,1   16:32   6,9   08:23   8,8   0,0  27,2   5,9  44,7   17:36   SSE
27  13,0  16,8   12:32   9,5   00:00   5,3   0,0   0,6   5,8  33,2   13:02   SSO
28  11,2  18,3   16:55   5,9   04:42   7,1   0,0   0,0   4,4  30,3   14:28   SSE
29  13,8  21,8   17:39   5,8   05:46   5,2   0,7   0,0   4,2  24,5   14:02   SSE
30  14,6  21,7   15:34   8,4   07:32   4,1   0,5   0,0   3,7  33,9   14:00     S
31  14,8  18,6   14:58  11,2   07:37   3,5   0,0   0,4   4,5  31,7   16:24    NO
----------------------------------------------------------------------------------
    12,9  26,8     9     3,7    24   176,4   8,7  87,2   7,6 177,0     3     NNO

Max >=  25,0:  2
Max <=  18,0: 17
Min <=  10,0: 21
Min <=   5,0:  1
Max Rain: 27,2 on day 26
Days of Rain: 10 (>= 0,3 mm)  6 (>= 2,0 mm)  2 (>= 15,0 mm)
Heat Base: 18,3  Cool Base: 18,3  Method: Integration