NOAA-Style Climate Reports


Relatrio para o 2017 Janeiro
                   Monthly Climatological Summary for jan 2017

Name: Alto dos Moinhos, Cercal CDV   City: Cercal CDV   State: Portugal
Elevation: 124 m  Lat: N 39° 13' 34"   Lon: W 008° 59' 50"

                  Temperature (°C), Rain (mm), Wind Speed (km/h)

                                      Heat  Cool        Avg
    Mean                              Deg   Deg         Wind                 Dom
Day Temp  High   Time   Low    Time   Days  Days  Rain  Speed High   Time    Dir
----------------------------------------------------------------------------------
 1   6,2   9,0   14:44   4,0   01:51  12,1   0,0   0,0   4,1  17,3   19:56   SSE
 2  10,9  13,0   13:49   6,7   00:20   7,4   0,0  18,9   6,2  33,9   17:03   SSE
 3  12,5  13,3   14:35  11,2   23:11   5,8   0,0  25,2   1,4  26,7   02:24   SSE
 4  11,8  14,1   15:58   9,3   21:14   6,5   0,0   0,3   1,8  16,6   10:35   SSE
 5   9,7  11,8   15:21   7,5   06:19   8,6   0,0   0,3   0,5  10,1   20:47   SSE
 6   9,1  16,4   15:14   4,8   23:36   9,2   0,0   0,0   2,1  13,0   02:45    SE
 7   8,4  18,4   15:14   3,8   23:55   9,9   0,0   0,0   1,0  11,5   12:00   ESE
 8   8,3  16,6   13:40   2,1   07:56  10,0   0,0   0,0   2,8  15,9   11:14   ONO
 9   9,9  17,9   14:02   2,9   01:59   8,4   0,0   0,0   5,4  28,9   22:44    NO
10  12,1  15,1   12:13   9,9   00:20   6,2   0,0   0,0  16,2  83,6   16:09   NNO
11  13,1  18,9   14:36  10,3   08:14   5,2   0,0   0,0  12,2  47,6   06:25    NO
12  11,4  15,2   14:12   8,7   06:19   6,9   0,0   0,0   6,0  25,2   00:27   NNO
13  10,6  13,7   13:18   7,2   23:44   7,7   0,0   0,0  13,8  44,0   14:41   NNO
14   8,4  14,5   14:52   3,1   23:16   9,9   0,0   0,0   7,9  33,9   04:55   NNO
15   7,3  15,0   14:28   0,0   05:20  11,0   0,0   0,0   3,9  25,2   21:29    NO
16   9,7  17,6   13:08   1,8   08:26   8,6   0,0   0,0   4,8  34,6   20:31    NO
17   9,5  17,8   14:26   2,3   06:34   8,8   0,0   0,0   4,8  27,4   17:50    NO
18   5,1  11,2   14:29  -1,6   23:57  13,2   0,0   0,0   4,7  28,9   11:00    SE
19   3,9  11,8   12:45  -3,0   04:19  14,3   0,0   0,0   3,3  26,7   13:53    NO
20   5,6  14,7   15:02  -1,0   06:20  12,6   0,0   0,0   2,2  16,6   14:18   NNO
21   7,6  15,1   13:35   1,6   06:05  10,0   0,0   0,0   3,8  25,9   14:28    NO
22   8,4  14,0   13:15   2,4   05:55   9,9   0,0   0,0   7,1  52,6   15:14   NNO
23   9,5  14,8   14:30   5,5   08:31   8,8   0,0   0,0   8,9  31,0   13:47    NO
24  10,0  16,5   14:58   4,9   23:49   8,3   0,0   0,0   5,2  19,5   16:11    NO
25   6,0  11,6   15:53  -0,5   07:34  12,3   0,0   0,0   5,1  43,3   22:11   SSE
26   9,8  11,6   17:10   7,6   21:19   8,5   0,0  36,4   6,3  32,4   08:43   SSE
27  10,0  13,4   13:35   7,8   07:05   8,3   0,0   5,2   8,5  60,6   11:20   NNO
28  10,1  15,7   13:17   5,5   05:05   8,2   0,0   0,2   4,1  44,0   21:28   SSE
29  13,0  15,8   14:08  10,3   00:44   5,3   0,0   0,4   7,8  21,6   00:53   SSE
30  12,0  14,2   12:51   9,6   02:00   6,3   0,0   0,0   5,4  32,4   05:40   SSE
31  10,6  12,1   16:47   9,1   03:45   7,6   0,0  19,2   6,0  49,0   08:14   SSE
----------------------------------------------------------------------------------
     9,4  18,9    11    -3,0    19   275,8   0,0 106,1   5,6  83,6    10      NO

Max >=  25,0:  0
Max <=  18,0: 29
Min <=  10,0: 28
Min <=   5,0: 16
Max Rain: 36,4 on day 26
Days of Rain: 8 (>= 0,3 mm)  5 (>= 2,0 mm)  4 (>= 15,0 mm)
Heat Base: 18,3  Cool Base: 18,3  Method: Integration