NOAA-Style Climate Reports


Relatrio para o 2013 Setembro
                   Monthly Climatological Summary for Set 2013

Name: Alto dos Moinhos, Cercal CDV   City: Cercal CDV   State: Portugal
Elevation: 120 m  Lat: N 39° 13' 34"   Lon: W 008° 59' 50"

                  Temperature (°C), Rain (mm), Wind Speed (km/h)

                                      Heat  Cool        Avg
    Mean                              Deg   Deg         Wind                 Dom
Day Temp  High   Time   Low    Time   Days  Days  Rain  Speed High   Time    Dir
----------------------------------------------------------------------------------
 1  25,3  34,9   15:45  17,3   07:07   0,1   6,3   0,0   9,2  25,6   16:16     N
 2  25,5  35,8   15:30  17,6   06:34   0,0   7,1   0,0   9,0  29,8   15:59     N
 3  26,8  36,5   14:22  19,1   07:41   0,0   8,5   0,0  10,1  34,9   16:04   NNO
 4  24,2  33,7   15:19  17,6   07:57   0,0   5,9   0,0   8,6  36,0   21:52     N
 5  20,7  27,9   13:38  16,3   07:20   0,3   2,7   0,0  10,7  31,0   16:40     N
 6  19,8  27,1   15:02  16,3   23:58   0,6   2,1   0,0  13,4  31,7   18:40     N
 7  17,5  22,1   13:33  15,0   23:34   1,6   0,8   0,0  18,2  50,4   16:42     N
 8  16,8  22,6   14:18  13,6   07:22   2,2   0,8   0,0  16,8  52,0   15:45     N
 9  17,8  24,7   13:33  13,4   03:57   2,1   1,6   0,0  16,2  50,8   18:03   NNO
10  19,5  27,1   14:12  15,8   07:36   1,0   2,3   0,0  16,4  51,4   04:01     N
11  22,1  33,1   15:09  14,5   06:11   1,2   5,0   0,0   8,9  36,6   17:28     N
12  25,4  34,0   15:17  19,6   00:19   0,0   7,1   0,0   9,3  45,4   18:24   NNO
13  24,3  34,1   14:32  17,1   07:36   0,1   5,9   0,0   8,3  39,9   16:49   NNO
14  20,8  28,6   12:58  15,6   06:56   0,3   2,8   0,0  15,2  53,6   23:43   NNO
15  19,2  24,8   13:47  16,2   23:29   0,7   1,5   0,0  16,6  42,8   17:48   NNO
16  18,1  23,2   15:25  15,1   07:06   1,2   1,1   0,0  18,5  55,3   16:51     N
17  18,1  23,8   13:47  15,0   06:35   1,4   1,2   0,0  19,4  52,3   08:24     N
18  18,0  22,4   14:40  15,3   05:29   1,2   0,9   0,0  23,4  63,8   15:27   NNO
19  20,0  27,3   14:37  15,4   07:40   0,8   2,5   0,0  15,0  50,2   03:29   NNO
20  23,7  34,4   14:42  14,4   08:02   0,5   5,9   0,0   9,0  36,6   01:12     N
21  25,4  34,7   15:46  16,9   04:03   0,1   7,2   0,0   8,0  36,5   18:05   NNO
22  24,6  34,9   14:58  16,1   07:26   0,2   6,5   0,0   6,7  33,6   18:05     N
23  22,2  30,6   14:13  15,4   06:10   0,3   4,2   0,0   6,7  35,9   12:19    NO
24  20,6  26,9   16:38  14,2   06:10   0,8   3,1   0,0   6,4  33,9   16:45   SSO
25  18,6  20,3   16:50  14,4   23:57   0,3   0,7   2,5   4,1  26,2   10:12   SSO
26  18,6  23,9   15:36  13,0   04:28   1,4   1,7   0,0  12,8  58,4   16:18     S
27  19,7  22,0   16:32  18,1   23:43   0,0   1,4  14,0  13,9  67,2   13:45     S
28  19,3  22,0   15:49  17,6   01:15   0,0   1,0  10,0   8,5  37,6   14:49    SO
29  19,0  21,4   12:57  17,7   04:24   0,1   0,9   5,3   7,6  34,5   19:14   SSO
30  21,0  22,6   15:41  20,1   01:16   0,0   2,7  11,3   6,0  34,5   17:16   OSO
----------------------------------------------------------------------------------
    21,1  36,5     3    13,0    26    18,5 101,4  43,1  11,8  67,2    27     NNO

Max >=  27,0: 16
Max <=   0,0:  0
Min <=   0,0:  0
Min <= -18,0:  0
Max Rain: 14,0 on day 27
Days of Rain: 5 (>= 0,2 mm)  5 (>= 2,0 mm)  0 (>= 20,0 mm)
Heat Base: 18,3  Cool Base: 18,3  Method: Integration