NOAA-Style Climate Reports


Relatrio para o 2013 Maio
                   Monthly Climatological Summary for Mai 2013

Name: Alto dos Moinhos, Cercal CDV   City: Cercal CDV   State: Portugal
Elevation: 120 m  Lat: N 39° 13' 34"   Lon: W 008° 59' 50"

                  Temperature (°C), Rain (mm), Wind Speed (km/h)

                                      Heat  Cool        Avg
    Mean                              Deg   Deg         Wind                 Dom
Day Temp  High   Time   Low    Time   Days  Days  Rain  Speed High   Time    Dir
----------------------------------------------------------------------------------
 1  14,5  18,9   13:28   7,3   06:43   2,8   0,0   0,0   8,5  24,5   14:37     N
 2  14,7  21,8   13:54  10,1   05:26   4,1   0,5   0,0   9,2  25,9   15:45   NNO
 3  16,7  25,7   14:04  10,0   07:18   3,0   1,5   0,0   7,0  23,8   17:26   NNO
 4  16,7  25,5   15:29   9,5   03:58   2,2   0,9   0,0   8,5  28,8   16:56   NNO
 5  17,8  25,2   12:48  12,2   05:42   2,4   2,0   0,0   9,0  27,4   12:43   NNO
 6  16,0  21,4   15:53  10,6   07:09   3,0   0,7   0,0   3,2  21,6   09:15    NO
 7  17,1  23,3   17:12  11,9   03:39   2,3   1,1   0,0   3,7  25,9   08:21   SSO
 8  17,2  22,7   16:45  12,7   06:34   2,0   0,9   0,0   3,4  20,2   16:10   NNO
 9  15,7  19,0   18:04  11,9   23:16   2,6   0,0   0,5   5,3  21,6   18:24   NNO
10  14,6  21,4   15:08  10,8   05:28   4,1   0,4   0,0  13,7  32,4   15:01   NNO
11  13,8  19,1   13:43  10,1   06:18   4,4   0,0   0,0  17,9  42,2   20:09   NNO
12  16,3  23,6   15:53  11,4   06:42   3,1   1,1   0,0  14,0  57,6   23:13   NNO
13  18,1  28,8   13:36  11,5   06:37   2,5   2,3   0,0  10,0  36,0   17:11   NNO
14  13,8  16,4   14:50  12,2   22:50   4,5   0,0   0,0  19,8  56,2   19:11   NNO
15  12,9  15,5   15:00  10,5   07:40   5,4   0,0   3,3  19,5  54,7   13:28   NNO
16  11,8  15,4   12:56   9,5   06:44   6,5   0,0   5,5  11,1  57,8   08:51   NNO
17  11,5  14,9   12:35   9,6   01:00   6,5   0,0   7,0  14,6  52,8   13:07   NNO
18  11,9  16,0   16:42   9,1   23:32   6,4   0,0   1,8  13,6  56,3   09:37   NNO
19  10,9  15,0   18:02   8,0   23:28   7,4   0,0   5,3   6,2  45,0   23:48   NNO
20  12,0  17,9   13:10   5,5   05:03   6,3   0,0   0,0  10,9  36,7   15:38   NNO
21  13,9  18,6   15:38  10,6   03:27   4,3   0,0   0,0  15,1  32,4   16:04   NNO
22  15,4  21,5   13:57  11,7   03:58   3,3   0,4   0,0  14,3  31,7   16:14   NNO
23  16,1  23,0   14:31  12,8   04:03   3,0   0,8   0,0  14,7  31,0   03:31   NNO
24  15,8  21,5   13:54  11,9   05:28   2,9   0,6   0,0  15,3  33,1   18:53   NNO
25  14,9  20,1   14:11  11,4   06:15   3,6   0,2   0,0  16,6  38,9   21:33   NNO
26  13,8  17,2   15:04  11,9   23:56   4,5   0,0   0,0  23,0  43,2   14:57   NNO
27  13,8  18,5   16:44  10,0   05:26   4,5   0,0   0,0  15,0  32,4   12:08   NNO
28  13,5  17,0   15:06  10,8   06:32   4,8   0,0   1,5  16,9  45,4   17:26   NNO
29  13,3  17,8   14:48  10,5   03:59   5,0   0,0   3,8  16,2  36,0   11:32   NNO
30  13,7  18,0   15:02  10,0   05:36   4,6   0,0   0,3  16,3  36,0   18:15   NNO
31  15,1  19,8   14:51  11,6   05:39   3,3   0,1   0,0  16,2  40,3   17:07   NNO
----------------------------------------------------------------------------------
    14,6  28,8    13     5,5    20   125,3  13,5  29,0  12,6  57,8    16     NNO

Max >=  27,0:  1
Max <=   0,0:  0
Min <=   0,0:  0
Min <= -18,0:  0
Max Rain: 7,0 on day 17
Days of Rain: 9 (>= 0,2 mm)  5 (>= 2,0 mm)  0 (>= 20,0 mm)
Heat Base: 18,3  Cool Base: 18,3  Method: Integration