NOAA-Style Climate Reports


Relatrio para o 2013 Abril
                   Monthly Climatological Summary for Abr 2013

Name: Alto dos Moinhos, Cercal CDV   City: Cercal CDV   State: Portugal
Elevation: 120 m  Lat: N 39° 13' 34"   Lon: W 008° 59' 50"

                  Temperature (°C), Rain (mm), Wind Speed (km/h)

                                      Heat  Cool        Avg
    Mean                              Deg   Deg         Wind                 Dom
Day Temp  High   Time   Low    Time   Days  Days  Rain  Speed High   Time    Dir
----------------------------------------------------------------------------------
 1  13,3  17,0   11:50   9,6   07:16   5,0   0,0   5,5   7,6  32,4   16:11   NNO
 2  13,3  18,1   15:07   8,7   07:08   5,0   0,0   1,5   4,0  30,2   17:39    SO
 3  11,6  15,8   16:55   9,1   05:52   6,7   0,0  16,3   8,6  29,5   07:19     S
 4  11,9  16,2   13:44   8,7   02:16   6,4   0,0   1,5   4,4  20,2   13:25   ESE
 5  11,0  13,8   14:39   8,2   07:29   7,3   0,0   0,3  20,6  55,4   15:29   NNO
 6  10,5  15,5   13:52   4,8   07:47   7,8   0,0   0,0  12,4  36,0   15:06   NNO
 7  11,5  20,0   16:36   5,1   07:12   6,9   0,1   0,5   3,0  23,0   16:54    NO
 8  12,7  20,3   15:45   5,9   07:17   5,7   0,0   0,3   4,2  22,3   15:33   NNO
 9  13,8  19,5   16:24   9,7   01:40   4,5   0,0   1,5   3,3  25,9   17:08   ONO
10  14,5  17,4   15:17  12,9   22:44   3,8   0,0   1,8   6,2  25,9   12:49     S
11  14,0  19,7   16:05   9,9   22:14   4,3   0,0   4,0   7,5  30,2   15:16     O
12  11,0  18,6   16:12   5,9   07:09   7,3   0,0   0,0   3,3  21,6   16:38    NO
13  14,3  21,6   16:18   8,5   03:53   4,3   0,5   0,0   3,4  21,6   18:30   NNO
14  15,5  22,1   14:43  10,1   07:12   3,4   0,6   0,0   6,9  26,6   16:35   NNO
15  15,3  20,9   15:18  11,4   23:40   3,2   0,2   0,0   7,1  24,5   18:04   NNO
16  14,8  22,4   14:57  10,1   07:12   4,1   0,6   0,0  10,0  24,5   19:46   NNO
17  14,2  21,3   15:33   8,3   06:40   4,4   0,3   0,0  11,5  30,2   17:58   NNO
18  14,7  19,0   11:57  11,7   23:15   3,6   0,0   0,0  19,2  43,9   16:17   NNO
19  14,4  21,7   13:47   9,7   06:59   4,3   0,3   0,0  13,6  37,4   07:08   NNO
20  16,6  23,9   16:33   9,5   00:34   2,9   1,2   0,0   6,9  25,9   09:15   ENE
21  15,0  20,6   13:25  10,8   07:15   3,6   0,4   0,0  12,7  32,4   16:12   NNO
22  15,3  21,6   12:53  11,5   06:35   3,5   0,4   0,0  16,3  53,3   15:45   NNO
23  17,6  25,6   15:51   9,5   05:16   2,7   2,0   0,0   7,2  48,2   12:40   ENE
24  17,9  26,1   15:55  11,1   03:06   2,4   2,0   0,0   4,7  34,6   14:56    SE
25  17,2  26,0   13:22  11,1   05:04   2,9   1,8   0,0  10,0  39,6   16:11   NNO
26  14,0  18,6   13:39  11,3   23:45   4,3   0,0   0,0  19,9  59,8   15:50   NNO
27  11,6  16,0   15:36   7,9   06:15   6,6   0,0   0,0  22,3  58,3   18:43   NNO
28  10,1  15,5   15:41   6,1   05:54   8,0   0,0   0,0  17,9  44,6   18:13   NNO
29  10,7  16,2   12:04   7,1   06:02   7,2   0,0   0,0  14,7  36,7   19:02   NNO
30  11,2  16,1   15:53   7,6   06:46   7,0   0,0   0,0   6,4  36,0   06:17   NNO
----------------------------------------------------------------------------------
    13,7  26,1    24     4,8     6   149,1  10,4  33,2   9,8  59,8    26     NNO

Max >=  27,0:  0
Max <=   0,0:  0
Min <=   0,0:  0
Min <= -18,0:  0
Max Rain: 16,3 on day 3
Days of Rain: 10 (>= 0,2 mm)  3 (>= 2,0 mm)  0 (>= 20,0 mm)
Heat Base: 18,3  Cool Base: 18,3  Method: Integration