NOAA-Style Climate Reports


Relatrio para o 2013 Janeiro
                   Monthly Climatological Summary for Jan 2013

Name: Alto dos Moinhos, Cercal CDV   City: Cercal CDV   State: Portugal
Elevation: 120 m  Lat: N 39° 13' 34"   Lon: W 008° 59' 50"

                  Temperature (°C), Rain (mm), Wind Speed (km/h)

                                      Heat  Cool        Avg
    Mean                              Deg   Deg         Wind                 Dom
Day Temp  High   Time   Low    Time   Days  Days  Rain  Speed High   Time    Dir
----------------------------------------------------------------------------------
18  13,4  14,8   14:08  12,1   04:33   3,9   0,0   7,3   8,7  40,3   21:12   SSW
19   8,9  14,0   00:16   6,0   05:50   7,9   0,0  22,0  24,3 103,6   12:00   NNW
20   7,9   8,8   00:30   7,0   05:15  10,4   0,0   0,0   5,8  31,0   01:00     N
21   8,1  15,5   14:13   5,5   02:09  13,7   0,0   2,6   6,8  31,0   00:52   NNW
22   8,2  13,0   12:04   5,0   19:43  10,1   0,0  11,8  15,4  74,0   19:28   NNW
23   9,5  14,6   11:28   5,4   05:35   8,8   0,0   6,3   9,7  38,2   01:01   NNW
24  10,4  14,4   14:39   9,9   23:51   7,9   0,0   2,0   7,0  27,4   02:50   NNW
25  11,9  13,2   11:28   9,0   01:37   6,4   0,0  23,3  10,4  34,6   09:30   NNW
26  11,2  16,6   14:42   6,1   23:51   6,9   0,0   0,8   8,7  29,5   00:41   NNW
27  10,6  15,4   11:15   6,2   00:00   7,7   0,0   5,0   8,4  38,2   16:45   WNW
28   9,2  17,2   12:44   1,6   07:31  16,5   0,0   5,0   1,9  38,2   16:34   WSW
29   8,0  17,1   14:53   2,4   00:40  10,3   0,0   0,0   2,8  21,6   12:51   SSE
30   8,1  15,4   16:43   3,4   03:41  10,2   0,0   0,0   1,6  18,7   11:46   SSE
31   9,7  21,0   14:12   3,0   05:01   8,7   0,1   0,0   2,1  15,8   12:47   ESE
----------------------------------------------------------------------------------
     9,6  21,0    31     1,6    28   111,3  18,2  86,1   8,1 103,6    22     NNW

Max >=  27,0:  0
Max <=   0,0:  0
Min <=   0,0:  0
Min <= -18,0:  0
Max Rain: 23,3 on day 25
Days of Rain: 10 (>= 0,2 mm)  9 (>= 2,0 mm)  2 (>= 20,0 mm)
Heat Base: 18,3  Cool Base: 18,3  Method: Integration